 Let z = 346 - 326. Calculate the highest common factor of v and z.
5
Let d = 219 + -184. What is the greatest common divisor of 35 and d?
35
Let d(f) = f**2 - 2*f + 2. Let z be d(-6). Let a(i) = -2*i**3 - 3*i + 2. Let u be a(2). Let n = u + z. What is the greatest common factor of 6 and n?
6
Suppose -h + 125 = 4*y - 0*h, -4*y = -2*h - 134. Let w be (24/(-20))/(2/5). Let q = w - -7. Calculate the highest common factor of y and q.
4
Let x = 5 - 3. Suppose 0 = 4*q - 4*r - 12, q + r + 0 = 7. Suppose 4*s = -8, 0*t + 5*t - q*s - 40 = 0. Calculate the highest common factor of x and t.
2
Let o = -32 + 137. Suppose -9*a = -327 - o. What is the greatest common divisor of 6 and a?
6
Suppose -9*s = -10*s + 3. Suppose 0*l - 4*l - 115 = -3*z, s*l = 15. What is the greatest common divisor of z and 5?
5
Suppose 4*j + 4 = 60. Let q = 42 - 28. Calculate the highest common divisor of q and j.
14
Let s(c) = 2*c - 14. Let k be s(12). Suppose 6*j + 40 = k*j. Let b be 60/(1/(-4) - -1). What is the greatest common divisor of j and b?
10
Let i(v) be the second derivative of 3*v**4/4 - 5*v**3/6 - 3*v**2 + 9*v. Let y be i(6). What is the greatest common factor of 32 and y?
32
Let h(u) = u**3 - 6*u**2 - 2*u + 9. Suppose 1 = w - 5. Let z be h(w). Let b(o) = 2*o**2 + 3*o + 3. Let c be b(z). What is the highest common divisor of c and 3?
3
Suppose h - 13*b - 108 = -8*b, -5*b = h - 128. Calculate the greatest common factor of 2 and h.
2
Suppose 156 = 3*w - f, 4*w - 2*f + 4*f = 208. Suppose -p - w = -69. Let z be (1/(-2))/((-3)/102). What is the highest common factor of z and p?
17
Let i(p) = 12*p + 69. Let y be i(4). Calculate the highest common divisor of 78 and y.
39
Let o = 3261 + -3260. What is the highest common factor of 263 and o?
1
Suppose -7*h = -11*h - 4*p + 4, p = 3*h - 19. Calculate the greatest common factor of h and 310.
5
Suppose 5*v - 27*v + 12078 = 0. Calculate the greatest common factor of 9 and v.
9
Suppose 4*x + 398 = 3*v, -5*x = -3*v + 2*v + 140. What is the highest common factor of 26 and v?
26
Suppose -4*p + 264 = -0*p. Suppose -3*h + 70 = -c, 4*c + 78 = 3*h + c. Calculate the greatest common factor of p and h.
22
Suppose -j = -4*a, -3 - 2 = -a. Let i be 20/3*36/8. Calculate the greatest common divisor of j and i.
10
Suppose -10*k - 69 = -7*k. Let x = -21 - k. Calculate the greatest common factor of 6 and x.
2
Let s = -137 + 203. Let o = s + 0. Let n = 111 - 105. What is the greatest common divisor of n and o?
6
Suppose 0 = -338*y + 334*y + 432. Calculate the highest common divisor of y and 270.
54
Let v be ((-1596)/18)/(2/(-9)). Let t be (1 - 39)/((-2)/(-12)). Let k = v + t. Calculate the highest common factor of 19 and k.
19
Let x(a) = -40*a + a**2 - 5 - 13 + 35*a. Let w be x(8). Suppose 384 = -2*v + w*v. Calculate the greatest common divisor of 64 and v.
32
Suppose -4*r + 2*r + 440 = -2*a, 2*r - 4*a - 442 = 0. What is the greatest common divisor of r and 6?
3
Let b(v) = 12*v + 140. Let q be b(-9). Calculate the greatest common factor of 544 and q.
32
Let f(l) = 2*l - 9. Suppose -2*d + 35 = 3*d. Let n be f(d). Suppose -3*i = n*u - 20, i + 0*i = -u + 6. Calculate the greatest common factor of 40 and i.
5
Let h be 0 + 0 - 0 - -2054. What is the highest common factor of h and 13?
13
Let u(y) be the second derivative of y**3/3 - 11*y**2 + 9*y. Let h be u(0). Let j be 1/(-1 - 23/h). What is the greatest common factor of j and 33?
11
Let l = -6 + 8. Suppose l*h = 7*h. Suppose -4*g + 0*m - 2*m + 54 = 0, g + 4*m - 17 = h. What is the highest common divisor of g and 13?
13
Let y(z) = 3 + 9*z**2 + z + z - 4*z. Let h be y(-3). Suppose -5*t - 5 = -55. What is the highest common divisor of t and h?
10
Let a be 26/(-91) + 1/((-14)/(-1572)). Suppose 4*v + 4 = -4*z, 3*v = z + 2*z - 3. Suppose z*u - a = -4*u. Calculate the highest common divisor of u and 7.
7
Let d be (-37)/2*(-4)/2. Suppose 0 = -4*g + 5*f - 2*f + 154, -183 = -5*g - f. Suppose 2*l = l + g. Calculate the highest common factor of l and d.
37
Let m(c) = c**2 + 8*c + 24. Let v be m(-12). Calculate the greatest common divisor of 32 and v.
8
Let c be (-89)/(-2) - (-3)/(-6). Let o = c + -8. Let z = 369 - 357. What is the highest common factor of o and z?
12
Suppose 12*j - 15*j = 12. Let x(q) = -q**2 - 3*q + 4. Let t be x(j). Suppose t = -5*o + 4*o + 20. Calculate the greatest common divisor of o and 10.
10
Let o(f) = -f**2 - 4*f + 5. Let i be o(-3). What is the greatest common factor of 1000 and i?
8
Let p = 363 + -341. What is the greatest common divisor of p and 198?
22
Suppose -p - 24 = -3*i, -2*i - 4 = -4*p - 20. Calculate the greatest common factor of i and 8.
8
Suppose 4*b - 6*b = 12. Let d be 116 + (-3)/b*-8. What is the greatest common divisor of 14 and d?
14
Let y(s) = s**3 - 5*s**2 - 7*s + 11. Let b be y(6). Suppose 3 + 22 = b*l. What is the greatest common divisor of 10 and l?
5
Let c = 467 + -380. What is the highest common factor of 58 and c?
29
Let m(f) = 2*f**2 + 1. Let y be m(-1). Let a be 3/(((-6)/12)/(-1)). Calculate the greatest common divisor of y and a.
3
Suppose 2*z + 2*z - 48 = -5*a, -4*a + 63 = -5*z. Let d(h) = 2*h**3 + 52*h**2 + 131*h - 153. Let o be d(-23). What is the greatest common factor of a and o?
4
Suppose -5*q - 11 = -3*k, -40 = -5*k - 0*q + 4*q. Calculate the highest common divisor of 492 and k.
12
Let m(z) = -93*z**3 - 1. Let f be m(1). Let o = -36 - f. Calculate the greatest common divisor of 145 and o.
29
Let u = 12 - 8. Let g(t) = 2*t**2 - 4*t + 3. Let w be g(u). Suppose -o = -23 + w. Calculate the greatest common factor of 8 and o.
4
Let m(w) = 2*w - 5. Let h be m(-3). Let d be 4 + 0 - (-58 + h). Suppose -6*y + d + 65 = 0. What is the highest common factor of y and 23?
23
Let z(w) = 5*w + 2. Let v be z(5). Suppose 4*h - v - 5 = 0. Let j = -5 + h. What is the greatest common factor of 6 and j?
3
Let x be 0 + 0 + (2 - -48). Let n(w) = -778 + 778 - 2*w**2 - 2*w - 3*w**3. Let l be n(-2). What is the highest common divisor of l and x?
10
Let b be 44 - (-40)/(0 + -8). Calculate the highest common factor of b and 39.
39
Let h(s) = -s**2 - 4*s. Suppose 0 = 3*b - 2*k - 19, -2*k - 7 = -b + 2. Let t = 2 - b. Let v be h(t). What is the greatest common factor of 3 and v?
3
Let v(k) = -k - 1. Let i be v(-3). Let l = i + 10. Let m = 25 + -21. What is the greatest common divisor of l and m?
4
Let i = 1 + 1. Suppose -p = 3*x - 19, -5*p + x + 25 = i*x. Let r be 21 - (3*p)/4. What is the greatest common factor of 162 and r?
18
Let a(w) be the second derivative of -w**4/12 - 5*w**3/2 + 13*w**2 + 21*w. Let j be a(-14). Calculate the highest common factor of 20 and j.
20
Let n(i) = -6*i - 4. Let w be n(-9). Let k(l) = -l**3 - 3. Let j be k(-2). What is the highest common divisor of j and w?
5
Let q(p) = p + 6. Let h be q(6). Suppose w = -3 + h. Let o(i) = 9*i**2. Let k be o(-2). Calculate the greatest common divisor of k and w.
9
Suppose 2*t - 8 = 0, 3*t - 2164 = -2*r - 176. Let k be r/6 - ((-4)/3 - -1). What is the highest common factor of 15 and k?
15
Let n = 1313 - 842. Let o = n - 264. What is the highest common divisor of 23 and o?
23
Suppose -13 - 101 = -2*q + 5*t, 3*q + 5*t = 146. Let n = 304 + -291. Calculate the highest common factor of q and n.
13
Suppose -3*v = 24*i - 22*i - 74, 0 = -2*v + 3*i + 45. What is the highest common factor of v and 228?
12
Suppose -2*o = o - 30. Suppose 4*m - 42 = -o. Let j(c) = 7*c**2 + 4. Let p be j(2). Calculate the highest common factor of p and m.
8
Let b(k) = 4*k**2 + 9*k - 18. Let s be b(-8). Let l = s + -106. What is the highest common divisor of 60 and l?
60
Let k(u) = 2*u**3 + 2*u**2 + 2. Let h be k(-2). Let v be (-40)/h*(-48)/(-20). Let b = -141 + 253. What is the highest common factor of b and v?
16
Let n = 32 + -27. Let g(r) = 33*r + 5. Let d be g(4). Let y = -92 + d. Calculate the greatest common factor of n and y.
5
Suppose -2*a - 364 - 15 = -5*o, 3*o + 2*a - 221 = 0. What is the greatest common factor of o and 60?
15
Suppose 6*y = 93 + 75. What is the highest common factor of y and 8?
4
Suppose 0 = 4*o + 3 - 15. Let g(b) = -42 + 23*b + 90 - 45. Let r be g(o). Calculate the greatest common divisor of r and 8.
8
Let m(h) = h**3 + 12*h**2 + 4*h - 50. Let n be m(-11). What is the highest common factor of n and 54?
27
Let v = 907 + -78